hat is the tens digit of q?
9
Suppose 115473 = -55*q + 717118. What is the units digit of q?
9
Suppose -4*t + 19640 + 17090 = 5*r, 3*r = -t + 9186. What is the thousands digit of t?
9
Suppose -75472 = -4*d - 2*v, 5*d - 60527 - 33812 = -2*v. What is the units digit of d?
7
Let n = 1800 + 1371. What is the tens digit of n?
7
Let p(c) = 1583*c - 1824. What is the units digit of p(4)?
8
Suppose -13*f + 16*f = 2*i - 33003, -5*i - 3*f = -82518. What is the ten thousands digit of i?
1
Suppose 17*z = -65*z + 589744. What is the tens digit of z?
9
Let k(x) = -x**3 - 5*x**2 - 14*x + 1. Let o be (8 + -6)*(13/2 - -1). Suppose 33 - o = -3*g. What is the hundreds digit of k(g)?
1
Suppose -10711 = -4*w + 2*o - 85, -3*w - 4*o = -7953. What is the hundreds digit of w?
6
Let k(q) = q**2 + q. Let o(c) = 3*c**2 - 24*c + 9. Let s(j) = 4*k(j) - o(j). What is the units digit of s(-30)?
1
Let f(o) = 154*o - 159*o - 2*o**2 - 7 + o**3 + 1. Let m be f(7). Let u = m - 125. What is the tens digit of u?
7
Let r(q) = -3*q**2 + 52*q**3 - 4*q**2 + 6*q**2 - q**3. Let u be r(1). Let h = -29 + u. What is the units digit of h?
1
Let k = -1629 - -21639. What is the tens digit of k?
1
Let y(k) = k**2 - k - 20. Let m be y(16). Let z = -71 + m. What is the units digit of z?
9
Let l(a) be the third derivative of 0 + 9/4*a**4 + 13*a**2 + 0*a - 31/3*a**3. What is the hundreds digit of l(5)?
2
Suppose 0 = -3*s + 13*s - 6600. What is the tens digit of s/8 + 4/24*-3?
8
Suppose 220*u - 14078400 = -100*u. What is the tens digit of u?
9
Suppose 0 = -3*d - 5*p + 17493, 5*p - 7449 = -d - 1608. What is the hundreds digit of d?
8
Suppose -64*g + 562115 = 33*g. What is the thousands digit of g?
5
Let f = 141 - 71. Suppose -92 = -9*g + f. Suppose -g*r + 284 = -14*r. What is the units digit of r?
1
What is the ten thousands digit of -8 + 504/60 + -3 + (-403179)/(-15)?
2
Suppose -3*a - 3497 = 5*s, -a - 1179 = -0*a + 5*s. Let v = a + 1991. What is the tens digit of v?
3
Suppose -3*b = -4*d + 1234, b = 6*b + 10. Suppose -d = 17*h - 1429. What is the units digit of h?
6
What is the hundreds digit of -34*(-498)/4 + -3?
2
Let j(a) = -a**3 + 45*a**2 - 67*a - 5. What is the tens digit of j(40)?
1
Suppose 0 = 4*x + 4*d - 20, x = -x + 5*d - 18. Suppose 3*u = -4 + x, 4*m = 5*u + 577. What is the units digit of 992/26 + (-22)/m?
8
Suppose 5*i - 377085 = -23*i - 41*i. What is the thousands digit of i?
5
What is the thousands digit of (-3 - 57/(-21))/((10/1)/(-419720))?
1
Let r(w) be the third derivative of 3*w**5/20 - 5*w**4/24 + 23*w**3/6 - 115*w**2. What is the tens digit of r(3)?
8
Let p(z) = -5940*z - 50. Let a be p(1). What is the tens digit of (-14)/(-63) - a/18?
3
Suppose -324 = -20*r + 18*r. Let n = 335 - r. What is the hundreds digit of n?
1
Let j be 3144/15 - (-2)/5. Suppose -3*b - j = 2*b. Let y = b - -98. What is the units digit of y?
6
Let x(d) = 2*d**2 + 15*d + 11. Let l(c) = -2*c**3 + c**2 + 2*c + 1. Let s be l(2). Let p be x(s). What is the tens digit of 223 + (-1)/(p + -3)?
2
Let y(s) = -2*s + 60. Let m be y(0). Suppose -m*o = -65*o + 100. Suppose 4*l = -o, 0*w - 5*l + 71 = 2*w. What is the units digit of w?
8
Let p(d) be the first derivative of 2*d**3/3 - 7*d**2/2 + 33*d + 57. What is the tens digit of p(5)?
4
Let u = -111 + 156. Suppose 0 = 17*v - 12*v - u. What is the tens digit of v/((-36)/(-496)) + -5?
1
Let t(k) = -k**3 + 23*k**2 - 75*k - 19. Let v be t(15). Let u = v + -249. What is the hundreds digit of u?
4
Let x = 346 + -330. Let d(c) = -c**3 + 15*c**2 + 19*c + 2. What is the units digit of d(x)?
0
Let d = 158471 + -113013. What is the hundreds digit of d?
4
Let i = -293 + 299. What is the units digit of 2644/i - 7/(-21)?
1
Let j(d) be the first derivative of 4*d**3/3 - 19*d**2/2 + 2*d - 1. Let y(u) = 6*u**2 - 29*u + 3. Let a(f) = 8*j(f) - 5*y(f). What is the tens digit of a(5)?
1
Suppose 0 = -0*g + 4*g + 2*s + 34, g = 3*s + 9. Let j(c) = -2*c**3 - 5*c**2 + 6*c + 7. What is the hundreds digit of j(g)?
2
Let m(l) = -2*l**3 - 55*l**2 - 80*l - 30. Let c(g) = g**3 + 28*g**2 + 40*g + 14. Let f(d) = -7*c(d) - 4*m(d). What is the tens digit of f(-21)?
0
Suppose 80*p = 27812 - 53971 + 234559. What is the hundreds digit of p?
6
Suppose 2*a - 4*d = -2*d + 3492, -2*a + 3492 = 5*d. Suppose 3994 + a = 7*l. What is the units digit of l?
0
Suppose -5*z - 103 = -158. Suppose -5*s + z*s = 36. Suppose 9*n - s*n = 114. What is the units digit of n?
8
Let n = -123 + 124. Let a be (-14)/n*(-18)/63. Suppose 2*b = -5*t - 1, t + 12 = a*t - 3*b. What is the units digit of t?
1
Suppose 1526068 = 314*b - 252*b. What is the units digit of b?
4
Let s(f) = -2099*f + 114*f**2 + 86*f**2 + 7 + 2093*f. What is the units digit of s(2)?
5
Suppose 4*b + 1 = -4*z + 13, 2*b - 8 = -4*z. Suppose -3*h - 4 = -h, 3 = x + b*h. Suppose -x*k = -44 - 138. What is the units digit of k?
6
Let z(l) = -6*l - 67. Let h be z(-12). What is the tens digit of -2*(-146 - h*(-8)/(-20))?
9
Let o be (4/6)/((-6)/9). Let a be o/(1/(32/(-4))). What is the units digit of (-3384)/(-96) + (-2)/a?
5
Suppose b - 3*c = 37522, 3*b + 2*b + 5*c = 187510. What is the hundreds digit of b?
5
Let z = 12635 - 5762. What is the units digit of z?
3
Let k = 312 + -345. Let f(t) = t**2 + 13*t - 100. What is the tens digit of f(k)?
6
Let b = -95 + 833. Suppose -747*u + b*u = -6615. What is the tens digit of u?
3
Let d be (-1178)/(-3)*(8 - 1 - 1). What is the units digit of (-24)/120 - 5/((-25)/d)?
1
Let t = -4974 + 10835. What is the hundreds digit of t?
8
Let i(s) = 458*s + 21. Let t(x) = 229*x + 11. Let o(j) = 2*i(j) - 5*t(j). What is the tens digit of o(-2)?
4
Let k = -11655 - -12767. What is the tens digit of k?
1
Suppose 2*w = -6, 2*w = -3*t + 2*t. Let q be t/(252/4854) - (-3)/7. Suppose -4*h + k + 571 = 0, -q = -h - 3*k + 30. What is the tens digit of h?
4
Suppose 10*r - 1977 = 9773. Suppose 42*w = 43*w - r. What is the tens digit of w?
7
Let p be -1*(487296/(-152) + (-2)/19). Let g = -2052 + p. What is the thousands digit of g?
1
Let l(d) = -d**3 + 2*d**2 - 2*d + 1646. Let j be l(0). Suppose -2*h = 2*p + 149 - 1247, 3*p + 2*h - j = 0. What is the tens digit of p?
4
Suppose i + 4 = 0, 4*i + 31464 = 4*n + i. Suppose -7*m - 660 = -n. What is the hundreds digit of m?
0
Let r = -136740 - -194486. What is the ten thousands digit of r?
5
Suppose l + 2*l + 5*d - 2890 = 0, 3*l = d + 2914. Suppose 0 = -5*y + l + 1405. What is the tens digit of y?
7
Let l = 1074 + 158. Suppose -2*v + l = -878. What is the tens digit of v?
5
Let q(m) = m**2 + 2*m**2 - 10*m + 991 - 997. What is the units digit of q(-5)?
9
Suppose -4*g + 1676 = 3*p, -2*p = 3*g - 1145 + 29. Let z = p + -9. What is the units digit of z?
5
Let t(z) = -z**2 - 2*z - 9. Let q be t(-5). Let l = 28 + q. Suppose r + 10 = n + 157, -4*r = l*n - 588. What is the tens digit of r?
4
Suppose 9*o - 29*o - 220 = 0. What is the units digit of (-2285)/o - (-48)/176?
8
Let y(b) = 2*b**2 + 4*b + 33. Let a(k) = 5*k**2 + 13*k + 98. Let l(s) = 3*a(s) - 8*y(s). Let x be l(-7). Let c = x + 121. What is the units digit of c?
3
Let i be (-4)/18 - (-1884)/(-27). Suppose 18*p - 85 = 59. What is the hundreds digit of (i/p)/(6/(-144))?
2
Let o(x) = 16*x**3 - x**2 - x. Let p be o(-1). Let j be p/(-1)*(1 - 5). Let l = -46 - j. What is the tens digit of l?
1
Suppose 3*g + 3*s + 10 = 2*g, -4*g - 16 = 6*s. Let t(i) = 126*i**2 - 2*i. Let q be t(2). What is the hundreds digit of (q/(-60))/(g/(-24))?
1
Let n = 10929 + 2742. What is the thousands digit of n?
3
What is the units digit of -980*(-94)/12 + (-7)/(-21)?
7
Suppose 0 = 3*u - u + 3*a - 47, -2*a + 90 = 5*u. Suppose -u*k - 1515 = -21*k. What is the tens digit of k?
0
Let v(m) = -70*m + 235. What is the hundreds digit of v(-11)?
0
Suppose -2*x + 28 = -2. Suppose 259 = j + x. What is the tens digit of j?
4
Let t(l) = -3*l**3 + 62*l**2 - 27*l + 6. Let v be t(20). Suppose 2*z + v = 1106. What is the hundreds digit of z?
4
Let r(v) = v**3 + v**2 - 1. Let p(i) = -5*i**3 + 9*i**2 - 7*i - 29. Let u(d) = -p(d) - 4*r(d). What is the units digit of u(13)?
4
Suppose 4 = i + 1. Let a(w) = 2*w + i + 17 - 11 + 19. What is the tens digit of a(8)?
4
Let b(n) = -2*n**2 - 35*n + 1. Let i be b(10). Let o = 939 + i. What is the units digit of o?
0
Let k(s) be the first derivative of -3*s**2 + 80 + 3*s + 6*s